57310?
995
Calculate the greatest common divisor of 985500437 and 2433.
811
What is the greatest common divisor of 96 and 12227264?
32
Calculate the highest common divisor of 926574 and 44.
22
Calculate the highest common factor of 5548202 and 25256.
902
Calculate the greatest common divisor of 130677 and 153897.
129
Calculate the highest common divisor of 1312 and 196672.
32
Calculate the highest common divisor of 34821407 and 49668.
4139
What is the highest common factor of 4582 and 63169664?
158
Calculate the highest common divisor of 2430 and 546930.
90
What is the greatest common divisor of 4428088 and 1391?
107
Calculate the greatest common factor of 25521 and 81216.
141
What is the greatest common divisor of 204 and 475386?
6
What is the greatest common divisor of 10485786 and 41516?
214
Calculate the highest common divisor of 1497 and 321397417.
499
What is the greatest common factor of 36162 and 641214?
882
Calculate the highest common divisor of 223217961 and 2796.
699
Calculate the highest common factor of 183590 and 34870.
110
What is the highest common factor of 835023 and 213129?
357
What is the greatest common divisor of 5289 and 239235?
123
Calculate the highest common divisor of 2212739 and 1019233.
5281
Calculate the greatest common factor of 5162236 and 473.
43
What is the greatest common factor of 288374 and 34546?
46
What is the greatest common factor of 228904 and 180908?
3692
What is the greatest common divisor of 26 and 32021938?
26
What is the greatest common factor of 49607200 and 8850?
2950
Calculate the highest common factor of 138082 and 16366.
98
Calculate the highest common divisor of 585 and 13447125.
45
Calculate the greatest common divisor of 3456572 and 84.
28
Calculate the highest common divisor of 370 and 1256655420.
370
What is the greatest common factor of 1229 and 319639549?
1229
Calculate the highest common divisor of 95536 and 507682.
14
Calculate the highest common factor of 1940169 and 27467.
2497
What is the greatest common factor of 17485 and 963365?
65
Calculate the greatest common divisor of 1782 and 25868403.
891
What is the greatest common divisor of 6106 and 1187617?
3053
What is the greatest common factor of 47635248 and 32?
16
What is the highest common factor of 127199871 and 49176?
6147
Calculate the highest common divisor of 138166 and 1484.
14
Calculate the highest common factor of 19476508 and 49472.
3092
Calculate the greatest common divisor of 56026 and 787448.
514
Calculate the greatest common divisor of 4105 and 18682676.
821
What is the greatest common divisor of 522 and 1506078?
18
Calculate the greatest common factor of 24 and 574530324.
12
What is the greatest common factor of 336 and 202787004?
84
What is the highest common factor of 1745 and 394021?
349
What is the greatest common divisor of 30000971 and 3655?
731
Calculate the highest common divisor of 3580 and 21980.
20
Calculate the greatest common factor of 648 and 162903.
3
Calculate the greatest common divisor of 15866381 and 3235.
647
What is the greatest common divisor of 1620 and 248720?
20
Calculate the greatest common factor of 48712 and 296.
8
Calculate the highest common factor of 10178 and 938.
14
What is the highest common factor of 462186 and 4121?
317
What is the greatest common divisor of 152076 and 3143571?
2001
Calculate the highest common divisor of 76 and 96821321.
19
What is the greatest common divisor of 44863890 and 110?
10
Calculate the greatest common factor of 7363862 and 110.
22
What is the highest common factor of 105899222 and 21505?
4301
Calculate the greatest common factor of 781888 and 68864.
64
Calculate the highest common factor of 5360636 and 4.
4
Calculate the greatest common divisor of 15010 and 16019470.
190
What is the greatest common factor of 74782 and 1107274?
278
What is the greatest common divisor of 104 and 636318072?
104
Calculate the greatest common factor of 34041564 and 828.
828
Calculate the highest common divisor of 540971 and 18056183.
10207
What is the greatest common divisor of 31992 and 1150224?
744
What is the greatest common divisor of 562490 and 40?
10
What is the greatest common factor of 51226 and 8666?
14
What is the greatest common divisor of 264342181 and 227?
227
What is the greatest common divisor of 9987513 and 725?
29
What is the highest common factor of 1908088 and 175448?
728
What is the greatest common factor of 1148 and 1230572?
28
What is the highest common divisor of 57 and 78950643?
57
What is the highest common factor of 47262121 and 3505?
701
Calculate the highest common divisor of 135 and 36314505.
45
What is the highest common factor of 10000 and 469520?
80
What is the highest common factor of 3965706 and 12742?
46
Calculate the greatest common divisor of 267430917 and 39.
39
What is the greatest common factor of 222285 and 18907?
511
What is the greatest common divisor of 362147673 and 92?
23
Calculate the greatest common divisor of 4792 and 41448.
8
Calculate the greatest common factor of 252 and 3720843.
63
Calculate the greatest common divisor of 18225 and 11385.
45
What is the highest common divisor of 854962309 and 2351?
2351
What is the highest common divisor of 894 and 257895756?
894
Calculate the highest common divisor of 38748430 and 42.
14
Calculate the highest common divisor of 2050 and 7306528.
82
Calculate the greatest common divisor of 69036 and 1452.
132
Calculate the highest common factor of 259620606 and 26712.
6678
Calculate the greatest common divisor of 1403814 and 30.
6
Calculate the greatest common divisor of 33984 and 125088.
96
What is the greatest common factor of 1539963 and 2779?
397
What is the highest common divisor of 33200767 and 8193?
2731
What is the highest common factor of 2267 and 171206107?
2267
Calculate the greatest common factor of 151956104 and 41787.
4643
Calculate the highest common divisor of 1344110 and 1365.
5
Calculate the highest common divisor of 7336488 and 1032.
1032
What is the greatest common divisor of 2907 and 4515863?
323
Calculate the greatest common factor of 12 and 825852.
12
Calculate the greatest common factor of 4260 and 132382340.
1420
Calculate the highest common divisor of 5786343 and 1890.
27
What is the greatest common factor of 2937 and 210129?
267
Calculate the greatest common factor of 3048 and 81352644.
1524
Calculate the greatest common factor of 11007646 and 2366.
338
Calculate the highest common factor of 2020 and 18597635.
505
Calculate the greatest common factor of 60 and 196552980.
60
What is the highest common divisor of 717730044 and 2124?
708
What is the highest common divisor of 3370 and 3701600?
10
What is the highest common divisor of 303840 and 21856?
32
Calculate the greatest common divisor of 1020 and 914417250.
510
Calculate the highest common divisor of 44040 and 53835230.
3670
What is the greatest common divisor of 4456 and 314149114?
1114
What is the highest common divisor of 6392593 and 9475?
379
Calculate the highest common factor of 170 and 32133740.
170
Calculate the greatest common factor of 2979440844 and 57.
57
Calculate the highest common factor of 54422348 and 141332.
1588
Calculate the highest common factor of 208648 and 30823.
2371
Calculate the greatest common divisor of 71232 and 21860160.
1344
Calculate the highest common factor of 136377330 and 30.
30
What is the highest common factor of 567 and 2432598?
21
What is the highest common divisor of 76491 and 28440487?
2833
Calculate the highest common factor of 8 and 48390488.
8
Calculate the highest common factor of 219 and 285829967.
73
What is the highest common factor of 11362 and 971698?
494
What is the greatest common divisor of 58717 and 296066?
827
What is the highest common factor of 1327181231 and 12358?
6179
What is the greatest common divisor of 56846650 and 1554?
14
Calculate the greatest common factor of 12228099 and 61147.
1301
Calculate the greatest common factor of 2913 and 146908416.
2913
Calculate the greatest common factor of 6 and 837827754.
6
What is the highest common factor of 53042421 and 261?
87
What is the greatest common factor of 13624395 and 16665?
1515
What is the greatest common factor of 3904 and 176351?
61
Calculate the greatest common divisor of 60480341 and 